{"id":1549,"date":"2022-10-18T11:58:26","date_gmt":"2022-10-18T09:58:26","guid":{"rendered":"https:\/\/bwh2015.web.amu.edu.pl\/?page_id=1549"},"modified":"2022-10-20T08:51:28","modified_gmt":"2022-10-20T06:51:28","slug":"gry-karciane","status":"publish","type":"page","link":"https:\/\/bch.amu.edu.pl\/?page_id=1549","title":{"rendered":"Gry karciane"},"content":{"rendered":"\n<p class=\"has-small-font-size\">W naszej ofercie znajduj\u0105 si\u0119 r\u00f3wnie\u017c gry karciane, osadzone w uniwersach r\u00f3\u017cnych \u015bwiat\u00f3w.<\/p>\n\n\n\n<div class=\"wp-block-media-text alignwide is-stacked-on-mobile\" style=\"grid-template-columns:15% auto\"><figure class=\"wp-block-media-text__media\"><img loading=\"lazy\" decoding=\"async\" width=\"1024\" height=\"768\" src=\"https:\/\/bwh2015.web.amu.edu.pl\/wp-content\/uploads\/2022\/10\/IMG_20221020_083838-1024x768.jpg\" alt=\"\" class=\"wp-image-1703 size-full\" srcset=\"https:\/\/bch.amu.edu.pl\/wp-content\/uploads\/2022\/10\/IMG_20221020_083838-1024x768.jpg 1024w, https:\/\/bch.amu.edu.pl\/wp-content\/uploads\/2022\/10\/IMG_20221020_083838-300x225.jpg 300w, https:\/\/bch.amu.edu.pl\/wp-content\/uploads\/2022\/10\/IMG_20221020_083838-768x576.jpg 768w, https:\/\/bch.amu.edu.pl\/wp-content\/uploads\/2022\/10\/IMG_20221020_083838-1536x1152.jpg 1536w, https:\/\/bch.amu.edu.pl\/wp-content\/uploads\/2022\/10\/IMG_20221020_083838-2048x1536.jpg 2048w\" sizes=\"auto, (max-width: 1024px) 100vw, 1024px\" \/><\/figure><div class=\"wp-block-media-text__content\">\n<p class=\"has-small-font-size\"><strong>Magic the Gathering<\/strong> \u2013 karciana gra planszowa przeznaczona dla dw\u00f3ch i wi\u0119cej graczy. Ka\u017cdy z graczy wciela si\u0119 w rol\u0119 czarodzieja i stara si\u0119 pokona\u0107 przeciwnika u\u017cywaj\u0105c do tego stworze\u0144, przedmiot\u00f3w i czar\u00f3w. W linii MtG powsta\u0142y r\u00f3wnie\u017c powie\u015bci o losach jej bohater\u00f3w. <\/p>\n\n\n\n<p class=\"has-small-font-size\"><a href=\"https:\/\/boardgamegeek.com\/boardgame\/366409\/magic-gathering-2022-starter-kit\">Magic: The Gathering \u2013 2022 Starter Kit<\/a><\/p>\n\n\n\n<p class=\"has-small-font-size\">Darczy\u0144c\u0105 karcianki MtG jest <a href=\"https:\/\/wilczek.poznan.pl\/\">Wilczek Pozna\u0144 <\/a><\/p>\n<\/div><\/div>\n\n\n\n<p class=\"has-small-font-size\"><\/p>\n\n\n\n<div class=\"wp-block-media-text alignwide is-stacked-on-mobile\" style=\"grid-template-columns:15% auto\"><figure class=\"wp-block-media-text__media\"><img loading=\"lazy\" decoding=\"async\" width=\"1024\" height=\"510\" src=\"https:\/\/bwh2015.web.amu.edu.pl\/wp-content\/uploads\/2022\/10\/rok1863-1024x510.jpg\" alt=\"\" class=\"wp-image-1605 size-full\" srcset=\"https:\/\/bch.amu.edu.pl\/wp-content\/uploads\/2022\/10\/rok1863-1024x510.jpg 1024w, https:\/\/bch.amu.edu.pl\/wp-content\/uploads\/2022\/10\/rok1863-300x150.jpg 300w, https:\/\/bch.amu.edu.pl\/wp-content\/uploads\/2022\/10\/rok1863-768x383.jpg 768w, https:\/\/bch.amu.edu.pl\/wp-content\/uploads\/2022\/10\/rok1863-1536x765.jpg 1536w, https:\/\/bch.amu.edu.pl\/wp-content\/uploads\/2022\/10\/rok1863-2048x1021.jpg 2048w\" sizes=\"auto, (max-width: 1024px) 100vw, 1024px\" \/><\/figure><div class=\"wp-block-media-text__content\">\n<p class=\"has-small-font-size\"><strong>Rok 1863<\/strong><br>czas rozgrywki: 20-30 minut<br>liczba graczy: 2-4<br>wiek graczy: 10+<\/p>\n<\/div><\/div>\n\n\n\n<p><\/p>\n\n\n\n<p class=\"has-small-font-size\">Kolekcj\u0119 zamierzamy sukcesywnie powi\u0119ksza\u0107<\/p>\n","protected":false},"excerpt":{"rendered":"<p>W naszej ofercie znajduj\u0105 si\u0119 r\u00f3wnie\u017c gry karciane, osadzone w uniwersach r\u00f3\u017cnych \u015bwiat\u00f3w. Magic the Gathering \u2013 karciana gra planszowa przeznaczona dla dw\u00f3ch i wi\u0119cej&hellip;<\/p>\n","protected":false},"author":1,"featured_media":0,"parent":0,"menu_order":0,"comment_status":"closed","ping_status":"closed","template":"","meta":{"footnotes":""},"class_list":["post-1549","page","type-page","status-publish","hentry"],"_links":{"self":[{"href":"https:\/\/bch.amu.edu.pl\/index.php?rest_route=\/wp\/v2\/pages\/1549","targetHints":{"allow":["GET"]}}],"collection":[{"href":"https:\/\/bch.amu.edu.pl\/index.php?rest_route=\/wp\/v2\/pages"}],"about":[{"href":"https:\/\/bch.amu.edu.pl\/index.php?rest_route=\/wp\/v2\/types\/page"}],"author":[{"embeddable":true,"href":"https:\/\/bch.amu.edu.pl\/index.php?rest_route=\/wp\/v2\/users\/1"}],"replies":[{"embeddable":true,"href":"https:\/\/bch.amu.edu.pl\/index.php?rest_route=%2Fwp%2Fv2%2Fcomments&post=1549"}],"version-history":[{"count":10,"href":"https:\/\/bch.amu.edu.pl\/index.php?rest_route=\/wp\/v2\/pages\/1549\/revisions"}],"predecessor-version":[{"id":1706,"href":"https:\/\/bch.amu.edu.pl\/index.php?rest_route=\/wp\/v2\/pages\/1549\/revisions\/1706"}],"wp:attachment":[{"href":"https:\/\/bch.amu.edu.pl\/index.php?rest_route=%2Fwp%2Fv2%2Fmedia&parent=1549"}],"curies":[{"name":"wp","href":"https:\/\/api.w.org\/{rel}","templated":true}]}}