{"id":33,"date":"2021-08-11T16:22:38","date_gmt":"2021-08-11T14:22:38","guid":{"rendered":"http:\/\/bwh2015.home.amu.edu.pl\/?page_id=33"},"modified":"2021-09-19T11:14:54","modified_gmt":"2021-09-19T09:14:54","slug":"archeologia","status":"publish","type":"page","link":"https:\/\/bch.amu.edu.pl\/?page_id=33","title":{"rendered":"Archeologia"},"content":{"rendered":"\n<p class=\"has-small-font-size\">Historia Sekcji Archeologii Biblioteki Collegium Historicum UAM (uprzednio, do roku 2015, umocowanej przy Instytucie Prahistorii) si\u0119ga pocz\u0105tk\u00f3w UAM, kiedy w ramach utworzonej w 1919 roku Wszechnicy Pozna\u0144skiej J\u00f3zef Kostrzewski doprowadzi\u0142 do powo\u0142ania Instytutu Prehistorycznego i r\u00f3wnocze\u015bnie jego biblioteki. Zal\u0105\u017ckiem ksi\u0119gozbioru sta\u0142y si\u0119 ksi\u0105\u017cki z zasob\u00f3w by\u0142ej niemieckiej Akademii Kr\u00f3lewskiej w Poznaniu. Wobec niemal ca\u0142kowitego rozproszenia, a nawet zniszczenia \u00f3wczesnych zbior\u00f3w w trakcie II wojny \u015bwiatowej, obecny ksi\u0119gozbi\u00f3r gromadzony jest od 1945 roku (pierwszy numer sygnatury wprowadzono do ksi\u0119gi inwentarzowej z dat\u0105 4 lipca tego\u017c roku). Wiele egzemplarzy zainwentaryzowano w\u00f3wczas jako mienie poniemieckie, a niekt\u00f3re nosz\u0105 \u015blady wcze\u015bniejszej przynale\u017cno\u015bci (piecz\u0105tki, exlibrisy).<br>Od pocz\u0105tku zbiory Sekcji pozyskiwane by\u0142y, i nadal s\u0105, przede wszystkim w drodze wymiany z kontrahentami polskimi oraz partnerami z wielu pa\u0144stw europejskich oraz z USA (kiedy\u015b r\u00f3wnie\u017c z Australii), w\u015br\u00f3d kt\u00f3rych znajduj\u0105 si\u0119 przede wszystkim instytuty archeologiczne na uniwersytetach, plac\u00f3wki narodowych akademii nauk oraz muzea. Sekcja otrzymuje ksi\u0105\u017cki i czasopisma specjalistyczne, ze swej strony oferuj\u0105c publikacje wydawane przez Wydzia\u0142 Archeologii oraz autorstwa pracownik\u00f3w WA, mi\u0119dzy innymi czasopisma i wydawnictwa ci\u0105g\u0142e: Baltic-Pontic Studies, Folia Praehistorica Posnaniensia, Slavia Antiqua, Wielkopolskie Sprawozdania Archeologiczne, Seria Archeologia UAM.<br>Od kilku lat wa\u017cnym \u017ar\u00f3d\u0142em cennych nabytk\u00f3w s\u0105 instytucjonalne oraz prywatne dary (na przyk\u0142ad w 2019 roku 179 wolumin\u00f3w z Deutsches Arch\u00e4ologisches Institut &#8211; Orient-Abteilung w Berlinie). Ewentualne dublety stanowi\u0105 przedmiot dalszej wymiany, zar\u00f3wno z instytucjami, jak i osobami prywatnymi, dzi\u0119ki czemu mo\u017cliwe jest uzupe\u0142nianie zbior\u00f3w Sekcji r\u00f3wnie\u017c o starsze wydawnictwa, ju\u017c spoza oficjalnego obiegu.<br>Wydzia\u0142 Archeologii, jako dysponent \u015brodk\u00f3w przeznaczonych na gromadzenie zasob\u00f3w Sekcji, asygnuje stosowne \u015brodki na zakup ksi\u0105\u017cek (szczeg\u00f3lnie zagranicznych, publikowanych przez wydawnictwa komercyjne) oraz prenumerat\u0119 czasopism (Archeologia \u017bywa, Arch\u00e4ologie in Deutschland, Fr\u00fchmittelalterliche Studien, Pr\u00e4historische Zeitschrift).<br>Sekcja Archeologii gromadzi zbiory zgodnie z profilem badawczo-dydaktycznym pracownik\u00f3w i doktorant\u00f3w Wydzia\u0142u Archeologii, niejednokrotnie wzbogacaj\u0105c ksi\u0119gozbi\u00f3r o publikacje wspieraj\u0105ce adept\u00f3w archeologii w realizacji rozpraw akademickich na poszczeg\u00f3lnych poziomach studi\u00f3w. Obecnie ksi\u0119gozbi\u00f3r Sekcji, licz\u0105cy oko\u0142o 45 tysi\u0119cy wolumin\u00f3w (stan na koniec sierpnia 2021 roku), obejmuje wydawnictwa zwarte (22,5 tysi\u0105ca), dysertacje (1155 egzemplarzy, gromadzonych do 2015 roku), nadbitki (1900) oraz czasopisma (prawie 20 tysi\u0119cy wolumin\u00f3w, w tym 340 tytu\u0142\u00f3w polskich i 757 zagranicznych), dotycz\u0105ce szczeg\u00f3lnie archeologii Polski i Europy \u015arodkowej (od pradziej\u00f3w po czasy nowo\u017cytne, a nawet wsp\u00f3\u0142czesne), archeologii \u015br\u00f3dziemnomorskiej i pozaeuropejskiej (m. in. Egei, Egiptu, Fenicji, Grecji, Mezopotamii, Rzymu, Sudanu) oraz dziedzictwa archeologicznego, nieinwazyjnych metod badawczych, metodologii i historii archeologii, archeozoologii.<br>W swych zbiorach Sekcja posiada wiele egzemplarzy cennych ze wzgl\u0119du na znajduj\u0105ce si\u0119 w nich exlibrisy i dedykacje znanych archeolog\u00f3w polskich i zagranicznych, liczne dysertacje wybitnych archeolog\u00f3w polskich, a nawet publikacje wydane przed 1800 rokiem.<br>Opracowywaniem formalnym i rzeczowym zbior\u00f3w Sekcji zajmuj\u0105 si\u0119 jej pracownicy (od 2016 roku dwie osoby) i odbywa si\u0119 to obecnie w systemie HORIZON. Informacje o zbiorach Sekcji dost\u0119pne s\u0105 r\u00f3wnie\u017c w katalogach og\u00f3lnopolskich KARO i NUKAT. Bogactwo ksi\u0119gozbioru Sekcji sprawia, i\u017c liczne tytu\u0142y udost\u0119pniane s\u0105 w ramach wypo\u017cycze\u0144 mi\u0119dzybibliotecznych, realizowanych zar\u00f3wno bezpo\u015brednio przez Bibliotek\u0119 Collegium Historicum, jak i przez stosowny dzia\u0142 Biblioteki Uniwersyteckiej.<br>Zdecydowana wi\u0119kszo\u015b\u0107 opracowanego ksi\u0119gozbioru Sekcji zlokalizowana jest w wolnym dost\u0119pie (oko\u0142o 17 tysi\u0119cy wolumin\u00f3w ksi\u0105\u017cek oraz ponad po\u0142owa egzemplarzy czasopism), gdzie ksi\u0105\u017cki ustawione s\u0105 wed\u0142ug klasyfikacji opracowanej przez pracownika Sekcji, natomiast czasopisma z zachowaniem podzia\u0142u geograficznego i porz\u0105dku alfabetycznego. Pozosta\u0142a cz\u0119\u015b\u0107 zbior\u00f3w zlokalizowana jest w trzech magazynach, z kt\u00f3rych realizacj\u0119 przeprowadza si\u0119 na podstawie zam\u00f3wienia z\u0142o\u017conego w katalogu on-line.<\/p>\n\n\n\n<p class=\"has-small-font-size\">Lucyna Le\u015bniak<\/p>\n","protected":false},"excerpt":{"rendered":"<p>Historia Sekcji Archeologii Biblioteki Collegium Historicum UAM (uprzednio, do roku 2015, umocowanej przy Instytucie Prahistorii) si\u0119ga pocz\u0105tk\u00f3w UAM, kiedy w ramach utworzonej w 1919 roku&hellip;<\/p>\n","protected":false},"author":1,"featured_media":0,"parent":0,"menu_order":0,"comment_status":"closed","ping_status":"closed","template":"","meta":{"footnotes":""},"class_list":["post-33","page","type-page","status-publish","hentry"],"_links":{"self":[{"href":"https:\/\/bch.amu.edu.pl\/index.php?rest_route=\/wp\/v2\/pages\/33","targetHints":{"allow":["GET"]}}],"collection":[{"href":"https:\/\/bch.amu.edu.pl\/index.php?rest_route=\/wp\/v2\/pages"}],"about":[{"href":"https:\/\/bch.amu.edu.pl\/index.php?rest_route=\/wp\/v2\/types\/page"}],"author":[{"embeddable":true,"href":"https:\/\/bch.amu.edu.pl\/index.php?rest_route=\/wp\/v2\/users\/1"}],"replies":[{"embeddable":true,"href":"https:\/\/bch.amu.edu.pl\/index.php?rest_route=%2Fwp%2Fv2%2Fcomments&post=33"}],"version-history":[{"count":5,"href":"https:\/\/bch.amu.edu.pl\/index.php?rest_route=\/wp\/v2\/pages\/33\/revisions"}],"predecessor-version":[{"id":929,"href":"https:\/\/bch.amu.edu.pl\/index.php?rest_route=\/wp\/v2\/pages\/33\/revisions\/929"}],"wp:attachment":[{"href":"https:\/\/bch.amu.edu.pl\/index.php?rest_route=%2Fwp%2Fv2%2Fmedia&parent=33"}],"curies":[{"name":"wp","href":"https:\/\/api.w.org\/{rel}","templated":true}]}}