{"id":43,"date":"2021-08-11T16:24:07","date_gmt":"2021-08-11T14:24:07","guid":{"rendered":"http:\/\/bwh2015.home.amu.edu.pl\/?page_id=43"},"modified":"2025-08-18T13:36:13","modified_gmt":"2025-08-18T11:36:13","slug":"muzykologia","status":"publish","type":"page","link":"https:\/\/bch.amu.edu.pl\/?page_id=43","title":{"rendered":"Muzykologia"},"content":{"rendered":"\n<div class=\"wp-block-buttons is-layout-flex wp-block-buttons-is-layout-flex\">\n<div class=\"wp-block-button has-custom-font-size has-small-font-size\"><a class=\"wp-block-button__link wp-element-button\" href=\"http:\/\/bwh2015.home.amu.edu.pl\/?page_id=190\">Prace dyplomowe<\/a><\/div>\n<\/div>\n\n\n\n<p><\/p>\n\n\n\n<p class=\"has-small-font-size\"><strong>HISTORIA<\/strong><br>Pocz\u0105tki ksi\u0119gozbioru muzykologicznego si\u0119gaj\u0105 roku 1922 i powstania Seminarium Muzykologicznego na uniwersytecie w Poznaniu \u2013 wi\u0105\u017c\u0105 si\u0119 nierozerwalnie z histori\u0105 pozna\u0144skiej muzykologii od czas\u00f3w mi\u0119dzywojennych a\u017c po czasy wsp\u00f3\u0142czesne. Piecz\u0105tki sygnuj\u0105ce poszczeg\u00f3lne egzemplarze obrazuj\u0105 przemiany, jakim ulega\u0142a pozna\u0144ska muzykologia, pocz\u0105wszy od utworzenia Seminarium Muzykologicznego, poprzez Zak\u0142ad Muzykologiczny, Musikwissenschaftliches Institut w okresie II wojny \u015bwiatowej, powojenny Zak\u0142ad Muzykologii, Katedr\u0119 a\u017c po Instytut Muzykologii. Dary prywatne i instytucjonalne pozyskiwane dzi\u0119ki licznym kontaktom polskim i zagranicznym pracownik\u00f3w naukowych pozna\u0144skiej muzykologii tworz\u0105 najbardziej warto\u015bciow\u0105 cz\u0119\u015b\u0107 ksi\u0119gozbioru muzykologicznego.<br>W 2015 roku, w zwi\u0105zku z powstaniem Biblioteki Wydzia\u0142u Historycznego UAM i zmian\u0105 struktury bibliotek instytutowych, Biblioteka Instytutu Muzykologii zostaje przekszta\u0142cona w Sekcj\u0119 Muzykologii BWH. Jej ksi\u0119gozbi\u00f3r tworzy wydzielon\u0105 kolekcj\u0119 muzykologiczn\u0105 nowo powo\u0142anej biblioteki. Podstawowy kanon dyscypliny, sklasyfikowany i uporz\u0105dkowany dzia\u0142owo, jest udost\u0119pniony w wolnym dost\u0119pie, umo\u017cliwiaj\u0105c czytelnikowi szeroki wyb\u00f3r materia\u0142\u00f3w. Cz\u0119\u015b\u0107 kolekcji, usytuowana w odr\u0119bnej, oszklonej przestrzeni, wraz z wyciszon\u0105 sal\u0105 ods\u0142uchu tworzy wydzielony DZIA\u0141 MUZYKALIA . Zabezpiecza on prawid\u0142ow\u0105 dzia\u0142alno\u015b\u0107 dydaktyczn\u0105 Katedry Muzykologii. Znajduj\u0105 si\u0119 tu nuty drukowane z kanonu dydaktycznego, wszystkie wydawnictwa typu Dzie\u0142a Wszystkie oraz zbiory fonograficzne: nagrania d\u017awi\u0119kowe i audiowizualne na r\u00f3\u017cnych no\u015bnikach (p\u0142yty analogowe, CD i DVD).<br>Od 2019 roku, w zwi\u0105zku ze zmian\u0105 struktury organizacyjnej UAM i nazwy biblioteki, kolekcja muzykologiczna jest jest cz\u0119\u015bci\u0105 Biblioteki Collegium Historicum.<br>Od 2011 roku Biblioteka Katedry Muzykologii, obecnie Sekcja Muzykologii Collegium Historicum jest cz\u0142onkiem Mi\u0119dzynarodowego Stowarzyszenia Bibliotek Muzycznych IAML (International Association of Music Libraries, Archives and Documentation Centres) oraz prowadzi dzia\u0142alno\u015b\u0107 w ramach Sekcji Bibliotek Muzycznych SBP.<\/p>\n\n\n\n<p class=\"has-small-font-size\"><strong>ZBIORY<\/strong><br>Specjalistyczny ksi\u0119gozbi\u00f3r (ok. 38 000 vol.) obejmuje literatur\u0119 z zakresu nauk muzykologicznych i pokrewnych, czasopisma muzyczne, nuty drukowane, dokumenty d\u017awi\u0119kowe i audiowizualne oraz inne materia\u0142y zwi\u0105zane z praktyk\u0105 muzyczn\u0105. Profil zbior\u00f3w jest podporz\u0105dkowany badaniom naukowym realizowanym przez pracownik\u00f3w naukowych Katedry Muzykologii oraz prowadzonym przez nich zaj\u0119ciom dydaktycznym. Dotyczy wi\u0119c takich zagadnie\u0144, jak historia muzyki od antyku po XXI wiek, muzyka pozaeuropejska, muzyka popularna, estetyka muzyki, krytyka muzyczna, edytorstwo i praktyka wykonawcza, historia notacji muzycznej, harmonia, kontrapunkt, instrumentologia, akustyka muzyczna, analiza muzyczna, edytorstwo i praktyka wykonawcza.<br>Ksi\u0105\u017cki \u2013 ok. 12.000 vol. Kolekcja ksi\u0105\u017cek obejmuje swym zasi\u0119giem muzyk\u0119 zachodniego obszaru j\u0119zykowego, etnomuzykologi\u0119, muzyk\u0119 popularn\u0105, jazz, instrumentologi\u0119, praktyk\u0119 wykonawcz\u0105, etc.<br>Wzbogaca j\u0105 obszerny zbi\u00f3r s\u0142ownik\u00f3w, encyklopedii, katalog\u00f3w tematycznych i bibliografii.<br>Edycje nutowe \u2013 ok. 10.500 vol. Kolekcja obejmuje antologie nutowe, kompletne edycje dzie\u0142 kompozytor\u00f3w, np. W.A. Mozarta, J. S. Bacha, P. Hindemitha, O. Messiaena etc. oraz pojedyncze dzie\u0142a w formie partytur, wyci\u0105g\u00f3w fortepianowych czy ksi\u0105g g\u0142osowych. W zbiorach znajduj\u0105 si\u0119 r\u00f3wnie\u017c cenne wydania faksymilowe kompozycji, g\u0142\u00f3wnie muzyki dawnej.<br>Czasopisma \u2013 ok. 6.600 vol. Kolekcja obejmuje 200 tytu\u0142\u00f3w czasopism, w tym 144 zagranicznych i 56 polskich. Wi\u0119kszo\u015b\u0107 z nich to kompletne roczniki takich kluczowych czasopism, jak Acta Musicologica, Archiv fur Musikwissenschaft, Early Music History, Journal of Musicology, Journal of the American Musicological Society, Revue de Musicologie, Rivista Italiana di Musicologia. Tematyka czasopism opr\u00f3cz historii muzyki dotyczy r\u00f3wnie\u017c etnomuzykologii, instrumentacji, praktyki wykonawczej, edukacji muzycznej oraz interdyscyplinarnych bada\u0144 w muzykologii.<br>Dokumenty d\u017awi\u0119kowe i audiowizualne ok. 8.650 vol. Kolekcja obejmuje w wi\u0119kszo\u015bci muzyk\u0119 europejsk\u0105, nagrania operowe, etnomuzykologiczne, polsk\u0105 muzyk\u0119 wsp\u00f3\u0142czesn\u0105, muzyk\u0119 popularn\u0105 oraz kolekcje nagra\u0144 historycznych.<br>Prace magisterskie, doktorskie i habilitacyjne \u2013 418 vol. Kolekcja obejmuje prace magisterskie i licencjackie oraz doktorskie i habilitacyjne z lat 1950 \u2013 2013, obronione w Katedrze Muzykologii UAM.<\/p>\n\n\n\n<p class=\"has-small-font-size\"><strong>DARCZY\u0143CY<\/strong><br><strong>Kurt von Fischer (Szwajcaria \u2013 Z\u00fcrich)<\/strong> &#8211; <a href=\"https:\/\/bwh2015.web.amu.edu.pl\/wp-content\/uploads\/2022\/09\/zbiory_kurta_von_fischera.pdf\">katalog<\/a><br>1988 \u2013 1996 \u2013 prywatna biblioteka szwajcarskiego muzykologa prof. Kurta von Fischera, wybitnego znawcy muzyki w\u0142oskiego Trecenta i Quattrocenta Zawiera ksi\u0105\u017cki, edycje nutowe, czasopisma muzykologiczne, nadbitki artyku\u0142\u00f3w i mikrofilmy, kt\u00f3rych tematyka wi\u0105\u017ce si\u0119 z r\u00f3\u017cnymi aspektami historii muzyki i obejmuje swym zasi\u0119giem czasy od antyku do wsp\u00f3\u0142czesno\u015bci. Do szczeg\u00f3lnie cennych nale\u017c\u0105 ksi\u0119gi pami\u0105tkowe i konferencyjne, reprinty prac \u017ar\u00f3d\u0142owych oraz antologie nutowe, jak m.in. Polyphonic Music of the Fourteenth Century, zwi\u0105zane z dzia\u0142alno\u015bci\u0105 badawcz\u0105 Profesora. Kolekcja obejmuje ok. 2500 vol.<br><strong>Ernst von Siemens Musikstiftung (Niemcy \u2013 Szwajcaria)<\/strong><br>2001-2003 \u2013 dotacja finansowa z niemiecko-szwajcarskiej Fundacji Ernst von Siemens Musikstiftung w wysoko\u015bci 12 500 EURO rocznie, przyznana w kolejnych 2 latach na zakup zagranicznych publikacji, wydawnictw encyklopedycznych, edycji nutowych i literatury pomocniczej z zakresu muzyki XX wieku. Dzi\u0119ki wsparciu Fundacji biblioteka zakupi\u0142a m.in.The New Grove Dictionary of Music and Musician, Handbuch der Musik im. 20. Jahrhundert, Handbuch der musikalischen Gattungen, Pipers Enzyklop\u00e4die des Musiktheaters, kompletne edycje dzie\u0142 A. Sch\u00f6nberga, K. Stockhausena i O. Messiaena oraz wi\u0119kszo\u015b\u0107 kompozycji A. Weberna, A. Berga, B. Bartoka, A Panufnika, B. Brittena I innych kompozytor\u00f3w XX wieku. Zbiory muzykologiczne wzbogaci\u0142y sie o nowo\u015bci wydawnictw B\u00e4renreiter-Verlag, Universal Edition, Cambridge University Press i Oxford University Press.<br><strong>Erwin i Gizela Schanzer (Niemcy \u2013 J\u00fclich)<\/strong> &#8211; <a href=\"https:\/\/bwh2015.web.amu.edu.pl\/wp-content\/uploads\/2022\/09\/katalog_schanzer.pdf\">katalog<\/a><br>2004 \u2013 kolekcja 1200 p\u0142yt analogowych z muzyk\u0105 klasyczn\u0105, ofiarowana Bibliotece Katedry Muzykologii przez Pa\u0144stwa Erwina i Gizel\u0119 Schanzer. Dar cenny ze wzgl\u0119du na szeroki repertuar, od muzyki dawnej po muzyk\u0119 wsp\u00f3\u0142czesn\u0105, jak i r\u00f3\u017cnorodno\u015b\u0107 wykonawcz\u0105 utwor\u00f3w.<br>Anette Godefroid (Niemcy \u2013 Berlin)<br>2006 \u2013 kolekcja 486 p\u0142yt analogowych i 76 p\u0142yt kompaktowych, ofiarowana Bibliotece Katedry Muzykologii przez dr Anette Godefroid. Zawiera kompletne, oryginalne edycje oper kompozytor\u00f3w w\u0142oskich, francuskich, niemieckich, rosyjskich, angielskich, ameryka\u0144skich, hiszpa\u0144skich i czeskich, wydane w latach 1950-2000 przez zagraniczne firmy fonograficzne. Nagrania pochodz\u0105 ze s\u0142awnych teatr\u00f3w operowych, jak m. in. Las Scala i Metropolitan Opera. Kolekcja o warto\u015bci kolekcjonerskiej ze wzgl\u0119du na oryginalno\u015b\u0107 edycji i dost\u0119p do archiwalnych wykona\u0144 operowych.<br><strong>Teatro Regio (W\u0142ochy \u2013 Turyn)<\/strong><br>2007 \u2013 62 programy operowe wydane w serii Opera Librettos, przekazane Bibliotece Katedry Muzykologii przez Fundacj\u0119 Teatro Regio Torino. Programy zawieraj\u0105 libretta operowe wraz z komentarzami historyczno-krytycznymi spektakli operowych wystawionych na scenie Teatru Operowego w Turynie w latach 1998-2007.<br>Jan St\u0119szewski (Polska \u2013 Warszawa)<br>2013 \u2013 2015 \u2013 prywatna biblioteka prof. UAM Jana St\u0119szewskiego, etnomuzykologa, kierownika Zak\u0142adu Muzykologii w Poznaniu w latach 1975-1999. Zawiera publikacje z zakresu etnomuzykologii, w tym ksi\u0119gi konferencyjne i monografie oraz muzykologii historycznej od \u015bredniowiecza do czas\u00f3w wsp\u00f3\u0142czesnych. Ponadto zawiera unikatowe w Polsce antologie pie\u015bni ludowej z terenu Europy i Azji : polskie, orawskie, czeskie, s\u0142owackie, s\u0142owe\u0144skie, morawskie, ukrai\u0144skie, bia\u0142oruskie, rumu\u0144skie, bu\u0142garskie, litewskie, niemieckie, w\u0119gierskie, ruskie, kazachskie oraz folklor muzyczny pozaeuropejski \u2013 antologie muzyki ludowej z terenu Meksyku, Chin i Japonii. Kolekcja obejmuje ok. 100 vol.postaci ok. 1000 vol. ksi\u0105\u017cek i nut, obejmuj\u0105cy unikatowe w Polsce antologie pie\u015bni ludowej z terenu Europy: polskie, orawskie, czeskie, s\u0142owackie, s\u0142owe\u0144skie, morawskie, ukrai\u0144skie, bia\u0142oruskie, rumu\u0144skie, bu\u0142garskie, litewskie, niemieckie, w\u0119gierskie, ruskie, kazachskie oraz folklor muzyczny pozaeuropejski: antologie muzyki ludowej z terenu Meksyku, Chin, Japonii; publikacje z zakresu szeroko rozumianej etnomuzykologii: ksi\u0119gi konferencyjne, monografie, opracowania oraz muzykologii historycznej od \u015bredniowiecza do czas\u00f3w wsp\u00f3\u0142czesnych z zachodniego obszaru j\u0119zykowego.<br><strong>Maciej Jab\u0142o\u0144ski (Polska \u2013 Pozna\u0144)<\/strong><br>2017 \u2013 prywatna biblioteka dr hab. Macieja Jab\u0142o\u0144skiego przekazana przez rodzin\u0119. Zawieraj\u0105ca cenne pozycje z takich dziedzin jak: filozofia i estetyka muzyki, semiotyka muzyki, opera polska i europejska, filozofia i religia, teatr i dramat literatura og\u00f3lnohumanistyczna, a tak\u017ce nuty, nagrania d\u017awi\u0119kowe oraz kolekcj\u0119 instrument\u00f3w etnicznych. Kolekcja obejmuje ok. 3800 egz.<br><strong>Jan Ga\u0142\u0105zka (Polska \u2013 Pozna\u0144)<\/strong><br>2018 \u2013 dar w postaci kolekcji ok. 950 p\u0142yt kompaktowych, g\u0142\u00f3wnie oper czo\u0142owych tw\u00f3rc\u00f3w XVIII i XIX w. oraz tw\u00f3rczo\u015b\u0107 kameralna i symfoniczna kompozytor\u00f3w od czas\u00f3w \u015bredniowiecza do XX w. Programy teatr\u00f3w operowych ok. 250 vol. \u2013 m.in. Teatru Wielkiego\/Opery Narodowej w Warszawie, Teatru Wielkiego im. S. Moniuszki w Poznaniu, Warszawskiej Opery Kameralnej, Deutsche Oper \u2013 w Berlinie.<\/p>\n\n\n\n<p class=\"has-small-font-size\"><strong>PUBLIKACJE<\/strong><br>Zbiory Biblioteki Zak\u0142adu Muzykologii, w: M. Jagielska, H. Kozak, B. Zakrzewska-Nikiporczyk, Przewodnik po sieci bibliotecznej UAM i innych bibliotekach naukowych miasta Poznania, Pozna\u0144 1984, s. 83-84.<br>Wilgocki Jerzy, Polnische musikwissenschaftliche Zeitschriften aus der Perspektive von 80 Jahren (1911 \u2013 1991), w: Fontes Artis Musicae 39, 1992 Heft 1.<br>Wilgocki Jerzy, Zagraniczne czasopisma muzyczne w bibliotekach polskich, Pozna\u0144 1993.<br>Bether Liliana, Zbiory Kurta von Fischera ofiarowane Katedrze Muzykologii Uniwersytetu im. Adama Mickiewicza w Poznaniu: katalog, Pozna\u0144 2002.<br>Nizi\u0144ska Hanna, Fundacja Ernst von Siemens Musikstiftung dla Biblioteki Katedry Muzykologii, w: \u017bycie Uniwersyteckie, 2004 nr 1.<br>Skalska Karolina, Wsp\u00f3\u0142czesny warsztat informacyjny bibliotekarza muzycznego \u2013 pr\u00f3ba charakterystyki, w: Europejska kultura muzyczna w polskich bibliotekach i archiwach, A. Patalas, St. Hrabia, Krak\u00f3w 2008, s. 409 \u2013 423.<br>Nizi\u0144ska Hanna, Magia czarnego kr\u0105\u017cka. Kolekcja operowa Katedry Muzykologii Uniwersytetu im. Adama Mickiewicza w Poznaniu w: Pierwsza Og\u00f3lnopolska Konferencja Fonotek: Fonoteka wczoraj, dzi\u015b jutro, Warszawa 11-12 May 2007 = The First Polish National Sound Library Conference: Sound Libraries yesterday, today and tomorrow, Warsav 11-12 May 2007, Stowarzyszenie Bibliotekarzy Polskich. Biblioteka Narodowa, 2008, s. 107 \u2013 114.<br>Bether Liliana, Kolekcja mikrofilm\u00f3w prof. Kurta von Fischera \u2013 \u017ar\u00f3d\u0142a r\u0119kopi\u015bmienne i drukowane, w: Biblioteka Muzyczna. Music Library 2007 \u2013 2009, Warszawa. Sekcja Bibliotek Muzycznych SBP. Polska Grupa Narodowa IAML 2010, s. 167-187.<br>Nizi\u0144ska Hanna, Polskie druki muzyczne z XIX wieku w Bibliotece Katedry Muzykologii UAM w Poznaniu w: Biblioteka Muzyczna. Music Library 2007 \u2013 2009, Warszawa, Stowarzyszenie Bibliotekarzy Polskich. Sekcja Bibliotek Muzycznych. Polska Grupa Narodowa IAML, 2010, s. 69 \u2013 86.<br>Nizi\u0144ska Hanna, Konferencja: Ko\u015bcielne zbiory muzyczne w bibliotekach polskich-sprawozdanie, w: Bibliotheca Nostra. \u015al\u0105ski Kwartalnik Naukowy Nr 1(31), Katowice 2013, s. 123-126.<br>Hanna Nizi\u0144ska \u2013 Wygra\u0142 Polsk\u0119 na fortepianie. Ignacy Jan Paderewski jako pianista i kompozytor, w: Rocznik Leszczy\u0144ski 19\/2019.<br>Liliana Bether \u2013 Black-music \u2013 pocz\u0105tki nagra\u0144 muzyki afroameryka\u0144skiej, w: Bibliotekarz 6\/2019.<br>Liliana Bether \u2013 Wybrane kolekcje d\u017awi\u0119kowe on-line na \u015bwiecie. Praktyka-edukacja-promocja, w: Archiwa d\u017awi\u0119kowe w Polsce \u2013 kolekcje, popularyzacja, rekonstrukcja, Warszawa, 2019.<br>Liliana Bether \u2013 Etnomuzykologiczne nagrania d\u017awi\u0119kowe na \u015bwiecie. Historia i przegl\u0105d wybranych kolekcji, w: Archiwa d\u017awi\u0119kowe w Polsce \u2013 kolekcje, popularyzacja, rekonstrukcja, Warszawa, 2019.<br>Liliana Bether \u2013 \u015aladami zaginionej fonografii \u2013 pozna\u0144skie pocz\u0105tki, w: Bibliotekarz 12\/2019.<br>Liliana Bether \u2013 Od stylu wiktoria\u0144skiego do Art Deco \u2013 ok\u0142adka nutowa w XIX i na pocz\u0105tku XX wieku, w: Biblioteka Muzyczna 8 (2010\u20132022), 2024.<\/p>\n\n\n\n<p><\/p>\n\n\n\n<p class=\"has-small-font-size\"><strong>KONFERENCJE<\/strong><br>Nizi\u0144ska Hanna \u2013 Kolekcja etnomuzykologicznych nagra\u0144 d\u017awiekowych w Bibliotece Katedry Muzykologii UAM w Poznaniu &#8211; referat wyg\u0142oszony podczas XI Og\u00f3lnopolskiej Konferencji Bibliotekarzy Myzycznych, 10-12 pa\u017adziernika 2006, O\u015brodek Pracy Tw\u00f3rczej UAM, Ci\u0105\u017ce\u0144.<br>Nizi\u0144ska Hanna \u2013 \u201eMagia czarnego kr\u0105\u017cka&#8221;. Kolekcja operowa Katedry Muzykologii Uniwersytetu im. Adama Mickiewicza w Poznaniu &#8211; referat wyg\u0142oszony podczas I Og\u00f3lnopolskiej Konferencji Fonotek \u201eFonoteka wczoraj, dzi\u015b i jutro\u201d, 11-12 maja 2007, Biblioteka Narodowa, Warszawa.<br>Nizi\u0144ska Hanna \u2013 Udzia\u0142 w II Konferencji \u201eMuzyka w kulturze europejskiej. Zbiory europejskiej kultury muzycznej w bibliotekach i archiwach w Polsce&#8221;, 17-19 wrze\u015bnia 2007, Muzeum-Zamek w \u0141a\u0144cucie.<br>Nizi\u0144ska Hanna \u2013 Polskie druki muzyczne z XIX w Bibliotece katedry Muzykologii UAm w Poznaniu &#8211; komunikat wyg\u0142oszony podczas XI Og\u00f3lnopolskiej Konferencji Bibliotekarzy Muzycznych i III Og\u00f3lnopolskiej Konferencji Fonotek, 4-6 listopada 2009 r., Biblioteka G\u0142\u00f3wna Akademii Muzycznej im. Stanis\u0142awa Moniuszki w Gda\u0144sku.<br>Liliana Bether \u2013 Kolekcja mikrofilm\u00f3w prof. Kurta von Fischera &#8211; \u017ar\u00f3d\u0142a r\u0119kopi\u015bmienne i drukowane &#8211; komunikat komunikat wyg\u0142oszony podczas XI Og\u00f3lnopolskiej Konferencji Bibliotekarzy Muzycznych i III Og\u00f3lnopolskiej Konferencji Fonotek, 4-6 listopada 2009 r., Biblioteka G\u0142\u00f3wna Akademii Muzycznej im. Stanis\u0142awa Moniuszki w Gda\u0144sku.<br>Nizi\u0144ska Hanna \u2013 Udzia\u0142 w Og\u00f3lnopolskiej Konferencji Bibliotek Akademii Muzycznych, 25-26 pa\u017adziernika 2011 r., Akademia Muzyczna w Katowicach.<br>Liliana Bether \u2013 Etnomuzykologiczne nagrania d\u017awi\u0119kowe na \u015bwiecie. Historia i przegl\u0105d wybranych kolekcji &#8211; referat. IV Og\u00f3lnopolska Konferencja Fonotek, \u201eGromadzenie\u2026i co dalej?\u201d, 25-26 pa\u017adziernika 2012, Wojew\u00f3dzka i Miejska Biblioteka Publiczna im. J. Pi\u0142sudskiego w \u0141\u00f3dzi.<br>Nizi\u0144ska Hanna \u2013 Dzia\u0142alno\u015b\u0107 edytorska ks. J\u00f3zefa Surzy\u0144skiego w \u015bwietle idei cecylia\u0144skich \u2013 referat wyg\u0142oszony podczas Konferencji \u201eKo\u015bcielne Zbiory Muzyczne w bibliotekach Polskich\u201d, zorganizowanej przez Sekcj\u0119 Bibliotek Muzycznych SBP -Polska Grupa Narodowa IAML we wsp\u00f3\u0142pracy z Archidiecezjaln\u0105 Komisj\u0105 ds. \u015apiewu, Muzyki Ko\u015bcielnej i S\u0142u\u017cby Liturgicznej oraz Archiwum Archidiecezjalnym w Gnie\u017anie, Gniezno 26-28 wrzesie\u0144 2012 r.<br>Nizi\u0144ska Hanna \u2013 Integracja i specjalizacja. Zbiory muzyczne w interdyscyplinarnej bibliotece wydzia\u0142owej \u2013 komunikat wyg\u0142oszony podczas XIII Og\u00f3lnopolskiej Konferencji Bibliotekarzy Muzycznych i V Og\u00f3lnopolskiej Konferencji Fonotek \u201eBiblioteki muzyczne -fonoteki: inspiracja czy prze\u017cytek\u201d, 21-23 pa\u017adziernika 2013 r., Bydgoszcz.<br>Liliana Bether \u2013 Wybrane kolekcje d\u017awi\u0119kowe on &#8211; line na \u015bwiecie. Praktyka \u2013 edukacja \u2013 promocja &#8211; referat wyg\u0142oszony podczas XIII Og\u00f3lnopolskiej Konferencji Bibliotekarzy Muzycznych i V Og\u00f3lnopolskiej Konferencji Fonotek \u201eBiblioteki muzyczne &#8211; fonoteki: inspiracja czy prze\u017cytek\u201d, 21-23 pa\u017adziernika 2013 r., Bydgoszcz.<br>Nizi\u0144ska Hanna \u2013 Udzia\u0142 w 50 lat Sekcji Bibliotek Muzycznych SBP (1964-2014), 23-24 wrze\u015bnia, Warszawa.<br>Liliana Bether \u2013 Listy Prof. \u0141ucjana Kamie\u0144skiego, pierwszego kierownika Katedry Muzykologii na Uniwersytecie Pozna\u0144skim w zbiorach Biblioteki Wydzia\u0142u Historycznego UAM w Poznaniu \u2013 komunikat wyg\u0142oszony podczas konferencji \u201eArchiwa muzyczne i spu\u015bcizny kompozytorskie w zbiorach bibliotek polskich\u201d, Warszawa 1-2 grudnia 2016 r.<br>Hanna Nizi\u0144ska \u2013 The microfilm collection of prof. Kurt von Fischer \u2013 Italian handwritten and printed sources\u201d- poster na mi\u0119dzynarodowej konferencji International Association of Music Libraries, Archives and Documentation Centres, Accademia Nazionale di S. Cecilia, Rzym 3-9 lipiec 2016 r.<br>Hanna Nizi\u0144ska \u2013 Mi\u0119dzy tradycj\u0105 a przysz\u0142o\u015bci\u0105 \u2013 warsztat informacyjny bibliotekarza muzycznego w erze cyfrowej \u2013 referat wyg\u0142oszony podczas XIV Og\u00f3lnopolskiej Konferencji Bibliotekarzy Muzycznych \u201eMuzyczne skarby bibliotek \u2013 proweniencja, problematyka, promocja\u201d oraz VII Og\u00f3lnopolskiej Konferencja Fonotek \u201cArchiwizacja-ratunek dla zabytk\u00f3w fonograficznych\u201d w Akademii Muzycznej im. K. Lipi\u0144skiego, Wroc\u0142aw 21 listopad 2017 r.<br>Liliana Bether \u2013 Black-music &#8211; pocz\u0105tki nagra\u0144 muzyki afroameryka\u0144skiej &#8211; referat wyg\u0142oszony podczas XIV Og\u00f3lnopolskiej Konferencji Bibliotekarzy Muzycznych \u201eMuzyczne skarby bibliotek \u2013 proweniencja, problematyka, promocja\u201d oraz VII Og\u00f3lnopolskiej Konferencja Fonotek \u201cArchiwizacja-ratunek dla zabytk\u00f3w fonograficznych\u201d w Akademii Muzycznej im. K. Lipi\u0144skiego, Wroc\u0142aw 21 listopad 2017 r.<br>Hanna Nizi\u0144ska \u2013 udzia\u0142 w mi\u0119dzynarodowej konferencji International Association of Music Libraries, Archives and Documentation Centres, Lipsk 22-27 lipiec 2018 r.<br>Liliana Bether \u2013 \u015aladami zapomnianej fonografii \u2013 pozna\u0144skie pocz\u0105tki\u2013 referat wyg\u0142oszony podczas VIII Og\u00f3lnopolskiej Konferencji Fonotek \u201eFonografia polska od Niepodleg\u0142ej do dzi\u015b\u201d, Go\u0142uch\u00f3w, 13-14 maja 2019 r.<br>Hanna Nizi\u0144ska \u2013 Oskar Kolberg and his contribution to the documentation of Polish folklor in the context of his \u201eThe Complete Works\u201d \u2013 referat wyg\u0142oszony podczas mi\u0119dzynarodowej konferencji International Association of Music Libraries, Archives and Documentation Centres, Uniwersytet Jagiello\u0144ski, Krak\u00f3w 14-19.07.2019.<br>Liliana Bether \u2013 Od stylu wiktoria\u0144skiego do Art Deco \u2013 ok\u0142adka nutowa jako dzie\u0142o sztuki \u2013 referat wyg\u0142oszony podczas V Og\u00f3lnopolskiej Konferencji Bibliotekarzy Muzycznych \u201eBiblioteka muzyczna \u2013 idea dostrojona do czasu\u201d oraz IX Og\u00f3lnopolskiej Konferencji Fonotek \u201eWielkim muzykom polskim 20-lecia mi\u0119dzywojennego\u201d, Akademia Muzyczna im. Karola Lipi\u0144skiego, Wroc\u0142aw. Wroc\u0142aw, 28-30 listopada 2022.<\/p>\n","protected":false},"excerpt":{"rendered":"<p>HISTORIAPocz\u0105tki ksi\u0119gozbioru muzykologicznego si\u0119gaj\u0105 roku 1922 i powstania Seminarium Muzykologicznego na uniwersytecie w Poznaniu \u2013 wi\u0105\u017c\u0105 si\u0119 nierozerwalnie z histori\u0105 pozna\u0144skiej muzykologii od czas\u00f3w mi\u0119dzywojennych&hellip;<\/p>\n","protected":false},"author":1,"featured_media":0,"parent":0,"menu_order":0,"comment_status":"closed","ping_status":"closed","template":"","meta":{"footnotes":""},"class_list":["post-43","page","type-page","status-publish","hentry"],"_links":{"self":[{"href":"https:\/\/bch.amu.edu.pl\/index.php?rest_route=\/wp\/v2\/pages\/43","targetHints":{"allow":["GET"]}}],"collection":[{"href":"https:\/\/bch.amu.edu.pl\/index.php?rest_route=\/wp\/v2\/pages"}],"about":[{"href":"https:\/\/bch.amu.edu.pl\/index.php?rest_route=\/wp\/v2\/types\/page"}],"author":[{"embeddable":true,"href":"https:\/\/bch.amu.edu.pl\/index.php?rest_route=\/wp\/v2\/users\/1"}],"replies":[{"embeddable":true,"href":"https:\/\/bch.amu.edu.pl\/index.php?rest_route=%2Fwp%2Fv2%2Fcomments&post=43"}],"version-history":[{"count":21,"href":"https:\/\/bch.amu.edu.pl\/index.php?rest_route=\/wp\/v2\/pages\/43\/revisions"}],"predecessor-version":[{"id":2864,"href":"https:\/\/bch.amu.edu.pl\/index.php?rest_route=\/wp\/v2\/pages\/43\/revisions\/2864"}],"wp:attachment":[{"href":"https:\/\/bch.amu.edu.pl\/index.php?rest_route=%2Fwp%2Fv2%2Fmedia&parent=43"}],"curies":[{"name":"wp","href":"https:\/\/api.w.org\/{rel}","templated":true}]}}